[INFO] cloning repository https://github.com/wappuradio/rust-tlink
[INFO] running `Command { std: "git" "-c" "credential.helper=" "-c" "credential.helper=/workspace/cargo-home/bin/git-credential-null" "clone" "--bare" "https://github.com/wappuradio/rust-tlink" "/workspace/cache/git-repos/https%3A%2F%2Fgithub.com%2Fwappuradio%2Frust-tlink", kill_on_drop: false }`
[INFO] [stderr] Cloning into bare repository '/workspace/cache/git-repos/https%3A%2F%2Fgithub.com%2Fwappuradio%2Frust-tlink'...
[INFO] running `Command { std: "git" "rev-parse" "HEAD", kill_on_drop: false }`
[INFO] [stdout] 684d11104b6f7491f635f2de7ad14fa29808775d
[INFO] checking wappuradio/rust-tlink against try#72f88fc4e9458f89516a0b8b0868f3718aec5b47 for pr-74989
[INFO] running `Command { std: "git" "clone" "/workspace/cache/git-repos/https%3A%2F%2Fgithub.com%2Fwappuradio%2Frust-tlink" "/workspace/builds/worker-11/source", kill_on_drop: false }`
[INFO] [stderr] Cloning into '/workspace/builds/worker-11/source'...
[INFO] [stderr] done.
[INFO] validating manifest of git repo https://github.com/wappuradio/rust-tlink on toolchain 72f88fc4e9458f89516a0b8b0868f3718aec5b47
[INFO] running `Command { std: "/workspace/cargo-home/bin/cargo" "+72f88fc4e9458f89516a0b8b0868f3718aec5b47" "read-manifest" "--manifest-path" "Cargo.toml", kill_on_drop: false }`
[INFO] started tweaking git repo https://github.com/wappuradio/rust-tlink
[INFO] finished tweaking git repo https://github.com/wappuradio/rust-tlink
[INFO] tweaked toml for git repo https://github.com/wappuradio/rust-tlink written to /workspace/builds/worker-11/source/Cargo.toml
[INFO] crate git repo https://github.com/wappuradio/rust-tlink already has a lockfile, it will not be regenerated
[INFO] running `Command { std: "/workspace/cargo-home/bin/cargo" "+72f88fc4e9458f89516a0b8b0868f3718aec5b47" "fetch" "--locked" "--manifest-path" "Cargo.toml", kill_on_drop: false }`
[INFO] [stderr]  Downloading crates ...
[INFO] [stderr]   Downloaded byte-slice-cast v0.1.0
[INFO] [stderr]   Downloaded glib-sys v0.6.0
[INFO] [stderr]   Downloaded gobject-sys v0.6.0
[INFO] [stderr]   Downloaded muldiv v0.1.1
[INFO] [stderr]   Downloaded send-cell v0.1.3
[INFO] [stderr]   Downloaded gstreamer-sys v0.5.0
[INFO] [stderr]   Downloaded glib v0.5.0
[INFO] [stderr]   Downloaded gstreamer v0.11.0
[INFO] running `Command { std: "docker" "create" "-v" "/var/lib/crater-agent-workspace/builds/worker-11/target:/opt/rustwide/target:rw,Z" "-v" "/var/lib/crater-agent-workspace/builds/worker-11/source:/opt/rustwide/workdir:ro,Z" "-v" "/var/lib/crater-agent-workspace/cargo-home:/opt/rustwide/cargo-home:ro,Z" "-v" "/var/lib/crater-agent-workspace/rustup-home:/opt/rustwide/rustup-home:ro,Z" "-e" "SOURCE_DIR=/opt/rustwide/workdir" "-e" "CARGO_TARGET_DIR=/opt/rustwide/target" "-e" "CARGO_HOME=/opt/rustwide/cargo-home" "-e" "RUSTUP_HOME=/opt/rustwide/rustup-home" "-w" "/opt/rustwide/workdir" "-m" "1610612736" "--user" "0:0" "--network" "none" "rustops/crates-build-env@sha256:d92eaeed33fa75130ca1ee6c8a01d1ffb62bac859dfdfb3450e3e5d1c0146529" "/opt/rustwide/cargo-home/bin/cargo" "+72f88fc4e9458f89516a0b8b0868f3718aec5b47" "metadata" "--no-deps" "--format-version=1", kill_on_drop: false }`
[INFO] [stderr] WARNING: Your kernel does not support swap limit capabilities or the cgroup is not mounted. Memory limited without swap.
[INFO] [stdout] f830bb848e22ad9f2ae703616018905008be23d671db89f8d552fc799e3ee16e
[INFO] running `Command { std: "docker" "start" "-a" "f830bb848e22ad9f2ae703616018905008be23d671db89f8d552fc799e3ee16e", kill_on_drop: false }`
[INFO] running `Command { std: "docker" "inspect" "f830bb848e22ad9f2ae703616018905008be23d671db89f8d552fc799e3ee16e", kill_on_drop: false }`
[INFO] running `Command { std: "docker" "rm" "-f" "f830bb848e22ad9f2ae703616018905008be23d671db89f8d552fc799e3ee16e", kill_on_drop: false }`
[INFO] [stdout] f830bb848e22ad9f2ae703616018905008be23d671db89f8d552fc799e3ee16e
[INFO] running `Command { std: "docker" "create" "-v" "/var/lib/crater-agent-workspace/builds/worker-11/target:/opt/rustwide/target:rw,Z" "-v" "/var/lib/crater-agent-workspace/builds/worker-11/source:/opt/rustwide/workdir:ro,Z" "-v" "/var/lib/crater-agent-workspace/cargo-home:/opt/rustwide/cargo-home:ro,Z" "-v" "/var/lib/crater-agent-workspace/rustup-home:/opt/rustwide/rustup-home:ro,Z" "-e" "SOURCE_DIR=/opt/rustwide/workdir" "-e" "CARGO_TARGET_DIR=/opt/rustwide/target" "-e" "CARGO_INCREMENTAL=0" "-e" "RUST_BACKTRACE=full" "-e" "RUSTFLAGS=--cap-lints=forbid" "-e" "CARGO_HOME=/opt/rustwide/cargo-home" "-e" "RUSTUP_HOME=/opt/rustwide/rustup-home" "-w" "/opt/rustwide/workdir" "-m" "1610612736" "--user" "0:0" "--network" "none" "rustops/crates-build-env@sha256:d92eaeed33fa75130ca1ee6c8a01d1ffb62bac859dfdfb3450e3e5d1c0146529" "/opt/rustwide/cargo-home/bin/cargo" "+72f88fc4e9458f89516a0b8b0868f3718aec5b47" "check" "--frozen" "--all" "--all-targets" "--message-format=json", kill_on_drop: false }`
[INFO] [stdout] c4deeee742b7f44b7650a5cf25720e6c781d6241fd4a2f7e64b76e2ab974d14c
[INFO] [stderr] WARNING: Your kernel does not support swap limit capabilities or the cgroup is not mounted. Memory limited without swap.
[INFO] running `Command { std: "docker" "start" "-a" "c4deeee742b7f44b7650a5cf25720e6c781d6241fd4a2f7e64b76e2ab974d14c", kill_on_drop: false }`
[INFO] [stderr]    Compiling pkg-config v0.3.9
[INFO] [stderr]     Checking libc v0.2.40
[INFO] [stderr]    Compiling cc v1.0.9
[INFO] [stderr]    Compiling unicode-xid v0.0.4
[INFO] [stderr]     Checking bitflags v1.0.1
[INFO] [stderr]    Compiling quote v0.3.15
[INFO] [stderr]     Checking cfg-if v0.1.2
[INFO] [stderr]     Checking num-traits v0.2.2
[INFO] [stderr]     Checking lazy_static v1.0.0
[INFO] [stderr]     Checking rustc-demangle v0.1.7
[INFO] [stderr]    Compiling gstreamer v0.11.0
[INFO] [stderr]     Checking muldiv v0.1.1
[INFO] [stderr]     Checking send-cell v0.1.3
[INFO] [stderr]     Checking byte-slice-cast v0.1.0
[INFO] [stderr]    Compiling synom v0.11.3
[INFO] [stderr]    Compiling syn v0.11.11
[INFO] [stderr]    Compiling glib-sys v0.6.0
[INFO] [stderr]    Compiling gobject-sys v0.6.0
[INFO] [stderr]    Compiling gstreamer-sys v0.5.0
[INFO] [stderr]     Checking num-integer v0.1.36
[INFO] [stderr]     Checking num-rational v0.1.42
[INFO] [stderr]    Compiling backtrace-sys v0.1.16
[INFO] [stderr]    Compiling synstructure v0.6.1
[INFO] [stderr]    Compiling failure_derive v0.1.1
[INFO] [stderr]     Checking glib v0.5.0
[INFO] [stderr]     Checking backtrace v0.3.5
[INFO] [stderr]     Checking failure v0.1.1
[INFO] [stdout] error[E0596]: cannot borrow `**func` as mutable, as it is behind a `*const` pointer
[INFO] [stdout]    --> /opt/rustwide/cargo-home/registry/src/github.com-1ecc6299db9ec823/gstreamer-0.11.0/src/iterator.rs:439:8
[INFO] [stdout]     |
[INFO] [stdout] 435 |     let func = func as *const &mut (FnMut(T) -> bool);
[INFO] [stdout]     |         ---- help: consider changing this to be a mutable pointer: `*mut &mut dyn FnMut(T) -> bool`
[INFO] [stdout] ...
[INFO] [stdout] 439 |     if (*func)(value) {
[INFO] [stdout]     |        ^^^^^^^ `func` is a `*const` pointer, so the data it refers to cannot be borrowed as mutable
[INFO] [stdout] 
[INFO] [stdout] 
[INFO] [stdout] error[E0596]: cannot borrow `**func` as mutable, as it is behind a `*const` pointer
[INFO] [stdout]    --> /opt/rustwide/cargo-home/registry/src/github.com-1ecc6299db9ec823/gstreamer-0.11.0/src/iterator.rs:455:5
[INFO] [stdout]     |
[INFO] [stdout] 451 |     let func = func as *const &mut (FnMut(T));
[INFO] [stdout]     |         ---- help: consider changing this to be a mutable pointer: `*mut &mut dyn FnMut(T)`
[INFO] [stdout] ...
[INFO] [stdout] 455 |     (*func)(value);
[INFO] [stdout]     |     ^^^^^^^ `func` is a `*const` pointer, so the data it refers to cannot be borrowed as mutable
[INFO] [stdout] 
[INFO] [stdout] 
[INFO] [stdout] error[E0596]: cannot borrow `**func` as mutable, as it is behind a `*const` pointer
[INFO] [stdout]    --> /opt/rustwide/cargo-home/registry/src/github.com-1ecc6299db9ec823/gstreamer-0.11.0/src/iterator.rs:473:11
[INFO] [stdout]     |
[INFO] [stdout] 467 |     let func = func as *const &mut (FnMut(U, T) -> Result<U, U>);
[INFO] [stdout]     |         ---- help: consider changing this to be a mutable pointer: `*mut &mut dyn FnMut(U, T) -> std::result::Result<U, U>`
[INFO] [stdout] ...
[INFO] [stdout] 473 |     match (*func)(accum.take().unwrap(), value) {
[INFO] [stdout]     |           ^^^^^^^ `func` is a `*const` pointer, so the data it refers to cannot be borrowed as mutable
[INFO] [stdout] 
[INFO] [stdout] 
[INFO] [stdout] error: aborting due to 3 previous errors
[INFO] [stdout] 
[INFO] [stdout] 
[INFO] [stdout] For more information about this error, try `rustc --explain E0596`.
[INFO] [stdout] 
[INFO] [stderr] error: could not compile `gstreamer`.
[INFO] [stderr] 
[INFO] [stderr] To learn more, run the command again with --verbose.
[INFO] running `Command { std: "docker" "inspect" "c4deeee742b7f44b7650a5cf25720e6c781d6241fd4a2f7e64b76e2ab974d14c", kill_on_drop: false }`
[INFO] running `Command { std: "docker" "rm" "-f" "c4deeee742b7f44b7650a5cf25720e6c781d6241fd4a2f7e64b76e2ab974d14c", kill_on_drop: false }`
[INFO] [stdout] c4deeee742b7f44b7650a5cf25720e6c781d6241fd4a2f7e64b76e2ab974d14c
